{"id":3177,"date":"2022-06-03T00:10:16","date_gmt":"2022-06-02T22:10:16","guid":{"rendered":"https:\/\/www.latilloleboienne.fr\/wordpress\/?page_id=3177"},"modified":"2022-06-23T00:41:51","modified_gmt":"2022-06-22T22:41:51","slug":"politique-de-confidentialite","status":"publish","type":"page","link":"https:\/\/www.latilloleboienne.fr\/wordpress\/contacts\/politique-de-confidentialite\/","title":{"rendered":"Politique de confidentialit\u00e9"},"content":{"rendered":"\n<h1 class=\"wp-block-heading\">Politique de confidentialit\u00e9 de&nbsp;<strong>www.latilloleboienne.fr<\/strong><\/h1>\n\n\n\n<p>Ce document peut \u00eatre imprim\u00e9 \u00e0 des fins de consultation en utilisant la commande d&rsquo;impression dans les param\u00e8tres de tout navigateur.<\/p>\n\n\n\n<p>Ce site collecte certaines donn\u00e9es personnelles de ses utilisateurs.<\/p>\n\n\n\n<h2 class=\"wp-block-heading\" id=\"purposes_data\">Donn\u00e9es personnelles trait\u00e9es pour les finalit\u00e9s suivantes et en utilisant les services suivants :<\/h2>\n\n\n\n<ol class=\"wp-block-list\"><li><strong>Analyses<\/strong><ul><li>Anonymisation IP dans Google Analytics<br>Donn\u00e9es personnelles : Donn\u00e9es d&rsquo;utilisation; Traqueurs<\/li><\/ul><\/li><li><strong>Gestion des balises<\/strong><ul><li>Google Tag Manager<br>Donn\u00e9es personnelles : Donn\u00e9es d&rsquo;utilisation<\/li><\/ul><\/li><li><strong>H\u00e9bergement web et infrastructure de backend<\/strong><ul><li>OVHcloud<br>Donn\u00e9es personnelles : Donn\u00e9es d&rsquo;utilisation<\/li><\/ul><\/li><\/ol>\n\n\n\n<h2 class=\"wp-block-heading\" id=\"contact_information\">Coordonn\u00e9es<\/h2>\n\n\n\n<ul class=\"wp-block-list\"><li>Propri\u00e9taire et Responsable du traitement<br>La Tillole Bo\u00efenne \u2014 Maison des associations&nbsp;<br>10 rue Georges Cl\u00e9menceau&nbsp;<br>33380 Biganos<br><strong>Courriel de contact du Propri\u00e9taire :<\/strong> latilloleboienne@gmail.com<\/li><\/ul>\n\n\n\n<p>Derni\u00e8re mise \u00e0 jour : 2 juin 2022<\/p>\n\n\n<div class=\"wp-block-pdfemb-pdf-embedder-viewer\"><a href=\"https:\/\/www.latilloleboienne.fr\/wordpress\/wp-content\/uploads\/2022\/06\/Politique-de-confidentialite-du-site-latilloleboienne-2-juin-2022.pdf\" class=\"pdfemb-viewer\" style=\"\" data-width=\"max\" data-height=\"max\" data-toolbar=\"bottom\" data-toolbar-fixed=\"off\">Politique-de-confidentialite-du-site-latilloleboienne-2-juin-2022<\/a><\/div>\n<p class=\"wp-block-pdfemb-pdf-embedder-viewer\"><\/p>\n\n\n\n<p><a href=\"https:\/\/www.iubenda.com\/private\/privacy-policy\/2241100\/legal?preview=true&amp;ifr=true&amp;height=760&amp;newmarkup=no&amp;an=no\">Voir la Politique de confidentialit\u00e9 compl\u00e8te<\/a><br><\/p>\n","protected":false},"excerpt":{"rendered":"<p>Politique de confidentialit\u00e9 de&nbsp;www.latilloleboienne.fr Ce document peut \u00eatre imprim\u00e9 \u00e0 des fins de consultation en utilisant la commande d&rsquo;impression dans les param\u00e8tres de tout navigateur. Ce site collecte certaines donn\u00e9es personnelles de ses utilisateurs. Donn\u00e9es personnelles trait\u00e9es pour les finalit\u00e9s &hellip; <a href=\"https:\/\/www.latilloleboienne.fr\/wordpress\/contacts\/politique-de-confidentialite\/\">Continuer la lecture <span class=\"meta-nav\">&rarr;<\/span><\/a><\/p>\n","protected":false},"author":3,"featured_media":0,"parent":24,"menu_order":0,"comment_status":"closed","ping_status":"closed","template":"","meta":{"footnotes":""},"class_list":["post-3177","page","type-page","status-publish","hentry"],"yoast_head":"<!-- This site is optimized with the Yoast SEO plugin v27.6 - https:\/\/yoast.com\/product\/yoast-seo-wordpress\/ -->\n<title>Politique de confidentialit\u00e9 - La Tillole Bo\u00efenne<\/title>\n<meta name=\"description\" content=\"Politique de confidentialit\u00e9 de\u00a0www.latilloleboienne.fr (simplifi\u00e9e et d\u00e9taill\u00e9e) en lien avec l&#039;analyse des donn\u00e9es, leur h\u00e9bergement, et les balises associ\u00e9es...\" \/>\n<meta name=\"robots\" content=\"index, follow, max-snippet:-1, max-image-preview:large, max-video-preview:-1\" \/>\n<link rel=\"canonical\" href=\"https:\/\/www.latilloleboienne.fr\/wordpress\/contacts\/politique-de-confidentialite\/\" \/>\n<meta property=\"og:locale\" content=\"fr_FR\" \/>\n<meta property=\"og:type\" content=\"article\" \/>\n<meta property=\"og:title\" content=\"Politique de confidentialit\u00e9 - La Tillole Bo\u00efenne\" \/>\n<meta property=\"og:description\" content=\"Politique de confidentialit\u00e9 de\u00a0www.latilloleboienne.fr (simplifi\u00e9e et d\u00e9taill\u00e9e) en lien avec l&#039;analyse des donn\u00e9es, leur h\u00e9bergement, et les balises associ\u00e9es...\" \/>\n<meta property=\"og:url\" content=\"https:\/\/www.latilloleboienne.fr\/wordpress\/contacts\/politique-de-confidentialite\/\" \/>\n<meta property=\"og:site_name\" content=\"La Tillole Bo\u00efenne\" \/>\n<meta property=\"article:modified_time\" content=\"2022-06-22T22:41:51+00:00\" \/>\n<meta name=\"twitter:card\" content=\"summary_large_image\" \/>\n<meta name=\"twitter:label1\" content=\"Dur\u00e9e de lecture estim\u00e9e\" \/>\n\t<meta name=\"twitter:data1\" content=\"1 minute\" \/>\n<script type=\"application\/ld+json\" class=\"yoast-schema-graph\">{\"@context\":\"https:\\\/\\\/schema.org\",\"@graph\":[{\"@type\":\"WebPage\",\"@id\":\"https:\\\/\\\/www.latilloleboienne.fr\\\/wordpress\\\/contacts\\\/politique-de-confidentialite\\\/\",\"url\":\"https:\\\/\\\/www.latilloleboienne.fr\\\/wordpress\\\/contacts\\\/politique-de-confidentialite\\\/\",\"name\":\"Politique de confidentialit\u00e9 - La Tillole Bo\u00efenne\",\"isPartOf\":{\"@id\":\"https:\\\/\\\/www.latilloleboienne.fr\\\/wordpress\\\/#website\"},\"datePublished\":\"2022-06-02T22:10:16+00:00\",\"dateModified\":\"2022-06-22T22:41:51+00:00\",\"description\":\"Politique de confidentialit\u00e9 de\u00a0www.latilloleboienne.fr (simplifi\u00e9e et d\u00e9taill\u00e9e) en lien avec l'analyse des donn\u00e9es, leur h\u00e9bergement, et les balises associ\u00e9es...\",\"breadcrumb\":{\"@id\":\"https:\\\/\\\/www.latilloleboienne.fr\\\/wordpress\\\/contacts\\\/politique-de-confidentialite\\\/#breadcrumb\"},\"inLanguage\":\"fr-FR\",\"potentialAction\":[{\"@type\":\"ReadAction\",\"target\":[\"https:\\\/\\\/www.latilloleboienne.fr\\\/wordpress\\\/contacts\\\/politique-de-confidentialite\\\/\"]}]},{\"@type\":\"BreadcrumbList\",\"@id\":\"https:\\\/\\\/www.latilloleboienne.fr\\\/wordpress\\\/contacts\\\/politique-de-confidentialite\\\/#breadcrumb\",\"itemListElement\":[{\"@type\":\"ListItem\",\"position\":1,\"name\":\"Accueil\",\"item\":\"https:\\\/\\\/www.latilloleboienne.fr\\\/wordpress\\\/\"},{\"@type\":\"ListItem\",\"position\":2,\"name\":\"Contact\",\"item\":\"https:\\\/\\\/www.latilloleboienne.fr\\\/wordpress\\\/contacts\\\/\"},{\"@type\":\"ListItem\",\"position\":3,\"name\":\"Politique de confidentialit\u00e9\"}]},{\"@type\":\"WebSite\",\"@id\":\"https:\\\/\\\/www.latilloleboienne.fr\\\/wordpress\\\/#website\",\"url\":\"https:\\\/\\\/www.latilloleboienne.fr\\\/wordpress\\\/\",\"name\":\"La Tillole Bo\u00efenne\",\"description\":\"La tradition nautique du Bassin d&#039;Arcachon\",\"publisher\":{\"@id\":\"https:\\\/\\\/www.latilloleboienne.fr\\\/wordpress\\\/#organization\"},\"potentialAction\":[{\"@type\":\"SearchAction\",\"target\":{\"@type\":\"EntryPoint\",\"urlTemplate\":\"https:\\\/\\\/www.latilloleboienne.fr\\\/wordpress\\\/?s={search_term_string}\"},\"query-input\":{\"@type\":\"PropertyValueSpecification\",\"valueRequired\":true,\"valueName\":\"search_term_string\"}}],\"inLanguage\":\"fr-FR\"},{\"@type\":\"Organization\",\"@id\":\"https:\\\/\\\/www.latilloleboienne.fr\\\/wordpress\\\/#organization\",\"name\":\"Association La Tillole Bo\u00efenne\",\"url\":\"https:\\\/\\\/www.latilloleboienne.fr\\\/wordpress\\\/\",\"logo\":{\"@type\":\"ImageObject\",\"inLanguage\":\"fr-FR\",\"@id\":\"https:\\\/\\\/www.latilloleboienne.fr\\\/wordpress\\\/#\\\/schema\\\/logo\\\/image\\\/\",\"url\":\"https:\\\/\\\/www.latilloleboienne.fr\\\/wordpress\\\/wp-content\\\/uploads\\\/2022\\\/05\\\/Logo-Rond-La-Tillole-Boienne.png\",\"contentUrl\":\"https:\\\/\\\/www.latilloleboienne.fr\\\/wordpress\\\/wp-content\\\/uploads\\\/2022\\\/05\\\/Logo-Rond-La-Tillole-Boienne.png\",\"width\":162,\"height\":160,\"caption\":\"Association La Tillole Bo\u00efenne\"},\"image\":{\"@id\":\"https:\\\/\\\/www.latilloleboienne.fr\\\/wordpress\\\/#\\\/schema\\\/logo\\\/image\\\/\"}}]}<\/script>\n<!-- \/ Yoast SEO plugin. -->","yoast_head_json":{"title":"Politique de confidentialit\u00e9 - La Tillole Bo\u00efenne","description":"Politique de confidentialit\u00e9 de\u00a0www.latilloleboienne.fr (simplifi\u00e9e et d\u00e9taill\u00e9e) en lien avec l'analyse des donn\u00e9es, leur h\u00e9bergement, et les balises associ\u00e9es...","robots":{"index":"index","follow":"follow","max-snippet":"max-snippet:-1","max-image-preview":"max-image-preview:large","max-video-preview":"max-video-preview:-1"},"canonical":"https:\/\/www.latilloleboienne.fr\/wordpress\/contacts\/politique-de-confidentialite\/","og_locale":"fr_FR","og_type":"article","og_title":"Politique de confidentialit\u00e9 - La Tillole Bo\u00efenne","og_description":"Politique de confidentialit\u00e9 de\u00a0www.latilloleboienne.fr (simplifi\u00e9e et d\u00e9taill\u00e9e) en lien avec l'analyse des donn\u00e9es, leur h\u00e9bergement, et les balises associ\u00e9es...","og_url":"https:\/\/www.latilloleboienne.fr\/wordpress\/contacts\/politique-de-confidentialite\/","og_site_name":"La Tillole Bo\u00efenne","article_modified_time":"2022-06-22T22:41:51+00:00","twitter_card":"summary_large_image","twitter_misc":{"Dur\u00e9e de lecture estim\u00e9e":"1 minute"},"schema":{"@context":"https:\/\/schema.org","@graph":[{"@type":"WebPage","@id":"https:\/\/www.latilloleboienne.fr\/wordpress\/contacts\/politique-de-confidentialite\/","url":"https:\/\/www.latilloleboienne.fr\/wordpress\/contacts\/politique-de-confidentialite\/","name":"Politique de confidentialit\u00e9 - La Tillole Bo\u00efenne","isPartOf":{"@id":"https:\/\/www.latilloleboienne.fr\/wordpress\/#website"},"datePublished":"2022-06-02T22:10:16+00:00","dateModified":"2022-06-22T22:41:51+00:00","description":"Politique de confidentialit\u00e9 de\u00a0www.latilloleboienne.fr (simplifi\u00e9e et d\u00e9taill\u00e9e) en lien avec l'analyse des donn\u00e9es, leur h\u00e9bergement, et les balises associ\u00e9es...","breadcrumb":{"@id":"https:\/\/www.latilloleboienne.fr\/wordpress\/contacts\/politique-de-confidentialite\/#breadcrumb"},"inLanguage":"fr-FR","potentialAction":[{"@type":"ReadAction","target":["https:\/\/www.latilloleboienne.fr\/wordpress\/contacts\/politique-de-confidentialite\/"]}]},{"@type":"BreadcrumbList","@id":"https:\/\/www.latilloleboienne.fr\/wordpress\/contacts\/politique-de-confidentialite\/#breadcrumb","itemListElement":[{"@type":"ListItem","position":1,"name":"Accueil","item":"https:\/\/www.latilloleboienne.fr\/wordpress\/"},{"@type":"ListItem","position":2,"name":"Contact","item":"https:\/\/www.latilloleboienne.fr\/wordpress\/contacts\/"},{"@type":"ListItem","position":3,"name":"Politique de confidentialit\u00e9"}]},{"@type":"WebSite","@id":"https:\/\/www.latilloleboienne.fr\/wordpress\/#website","url":"https:\/\/www.latilloleboienne.fr\/wordpress\/","name":"La Tillole Bo\u00efenne","description":"La tradition nautique du Bassin d&#039;Arcachon","publisher":{"@id":"https:\/\/www.latilloleboienne.fr\/wordpress\/#organization"},"potentialAction":[{"@type":"SearchAction","target":{"@type":"EntryPoint","urlTemplate":"https:\/\/www.latilloleboienne.fr\/wordpress\/?s={search_term_string}"},"query-input":{"@type":"PropertyValueSpecification","valueRequired":true,"valueName":"search_term_string"}}],"inLanguage":"fr-FR"},{"@type":"Organization","@id":"https:\/\/www.latilloleboienne.fr\/wordpress\/#organization","name":"Association La Tillole Bo\u00efenne","url":"https:\/\/www.latilloleboienne.fr\/wordpress\/","logo":{"@type":"ImageObject","inLanguage":"fr-FR","@id":"https:\/\/www.latilloleboienne.fr\/wordpress\/#\/schema\/logo\/image\/","url":"https:\/\/www.latilloleboienne.fr\/wordpress\/wp-content\/uploads\/2022\/05\/Logo-Rond-La-Tillole-Boienne.png","contentUrl":"https:\/\/www.latilloleboienne.fr\/wordpress\/wp-content\/uploads\/2022\/05\/Logo-Rond-La-Tillole-Boienne.png","width":162,"height":160,"caption":"Association La Tillole Bo\u00efenne"},"image":{"@id":"https:\/\/www.latilloleboienne.fr\/wordpress\/#\/schema\/logo\/image\/"}}]}},"_links":{"self":[{"href":"https:\/\/www.latilloleboienne.fr\/wordpress\/wp-json\/wp\/v2\/pages\/3177","targetHints":{"allow":["GET"]}}],"collection":[{"href":"https:\/\/www.latilloleboienne.fr\/wordpress\/wp-json\/wp\/v2\/pages"}],"about":[{"href":"https:\/\/www.latilloleboienne.fr\/wordpress\/wp-json\/wp\/v2\/types\/page"}],"author":[{"embeddable":true,"href":"https:\/\/www.latilloleboienne.fr\/wordpress\/wp-json\/wp\/v2\/users\/3"}],"replies":[{"embeddable":true,"href":"https:\/\/www.latilloleboienne.fr\/wordpress\/wp-json\/wp\/v2\/comments?post=3177"}],"version-history":[{"count":6,"href":"https:\/\/www.latilloleboienne.fr\/wordpress\/wp-json\/wp\/v2\/pages\/3177\/revisions"}],"predecessor-version":[{"id":3257,"href":"https:\/\/www.latilloleboienne.fr\/wordpress\/wp-json\/wp\/v2\/pages\/3177\/revisions\/3257"}],"up":[{"embeddable":true,"href":"https:\/\/www.latilloleboienne.fr\/wordpress\/wp-json\/wp\/v2\/pages\/24"}],"wp:attachment":[{"href":"https:\/\/www.latilloleboienne.fr\/wordpress\/wp-json\/wp\/v2\/media?parent=3177"}],"curies":[{"name":"wp","href":"https:\/\/api.w.org\/{rel}","templated":true}]}}