{"id":123,"date":"2017-05-19T07:44:22","date_gmt":"2017-05-19T05:44:22","guid":{"rendered":"http:\/\/www.latilloleboienne.fr\/wordpress\/?page_id=123"},"modified":"2022-06-15T18:58:04","modified_gmt":"2022-06-15T16:58:04","slug":"hommage-a-pierre","status":"publish","type":"page","link":"https:\/\/www.latilloleboienne.fr\/wordpress\/notre-histoire\/hommage-a-pierre\/","title":{"rendered":"Hommage \u00e0 Pierre"},"content":{"rendered":"<p>\u00c0 Pierre qui nous a quitt\u00e9 en 2009<\/p>\n<p><a href=\"http:\/\/127.0.0.1:4001\/wordpress\/wp-content\/uploads\/2017\/05\/Pierre_1.jpg\"><img loading=\"lazy\" decoding=\"async\" class=\"alignnone wp-image-203 size-full\" src=\"https:\/\/www.latilloleboienne.fr\/wordpress\/wp-content\/uploads\/2017\/05\/Pierre_1.jpg\" alt=\"\" width=\"796\" height=\"599\" srcset=\"https:\/\/www.latilloleboienne.fr\/wordpress\/wp-content\/uploads\/2017\/05\/Pierre_1.jpg 796w, https:\/\/www.latilloleboienne.fr\/wordpress\/wp-content\/uploads\/2017\/05\/Pierre_1-300x226.jpg 300w, https:\/\/www.latilloleboienne.fr\/wordpress\/wp-content\/uploads\/2017\/05\/Pierre_1-768x578.jpg 768w\" sizes=\"auto, (max-width: 796px) 100vw, 796px\" \/><\/a><\/p>\n<p>Il y a des gens pr\u00e9cieux et qui deviennent incontournables, Pierre \u00e9tait de ceux l\u00e0.<\/p>\n<p>Pierrot, Papy pour nous tous \u00e9tait devenu le personnage embl\u00e9matique du port des Tuiles et de Comprian, le ciment qui nous unit tous aujourd\u2019hui.<\/p>\n<p>Le rugbyman, le chasseur a su se fondre dans l\u2019esprit des pinasseyres, soucieux de l\u2019authenticit\u00e9 et attach\u00e9 aux traditions, toujours pr\u00eat, disponible. C\u2019est par sa g\u00e9n\u00e9rosit\u00e9 que depuis quatre ans il a \u00e9t\u00e9 de toutes nos aventures.<\/p>\n<p>Pierre et toute sa famille sont et resteront dans l\u2019histoire qui ne fait que commencer de \u00ab La Bo\u00efenne \u00bb. Toi qui as su par ta convivialit\u00e9 transporter et animer l\u2019esprit des pinasseyres Bo\u00efens au sein de tous les pinasseyres du Bassin, c\u2019est impr\u00e9gn\u00e9 de ta volont\u00e9 de \u00ab gagne \u00bb que nous poursuivrons l\u2019aventure de \u00ab La Bo\u00efenne \u00bb.<\/p>\n<p>Pourquoi n\u2019as-tu pas attendu l\u2019ordre \u00ab&nbsp;Par\u00e9&nbsp;?&nbsp;\u00bb avant de l\u00e2cher la drisse, tu as affal\u00e9 trop t\u00f4t&nbsp;!<\/p>\n<p><a href=\"http:\/\/127.0.0.1:4001\/wordpress\/wp-content\/uploads\/2017\/05\/Pierre_2.jpg\"><img loading=\"lazy\" decoding=\"async\" class=\"alignnone wp-image-204 size-large\" src=\"https:\/\/www.latilloleboienne.fr\/wordpress\/wp-content\/uploads\/2017\/05\/Pierre_2-1024x684.jpg\" alt=\"\" width=\"584\" height=\"390\" srcset=\"https:\/\/www.latilloleboienne.fr\/wordpress\/wp-content\/uploads\/2017\/05\/Pierre_2-1024x684.jpg 1024w, https:\/\/www.latilloleboienne.fr\/wordpress\/wp-content\/uploads\/2017\/05\/Pierre_2-300x200.jpg 300w, https:\/\/www.latilloleboienne.fr\/wordpress\/wp-content\/uploads\/2017\/05\/Pierre_2-768x513.jpg 768w, https:\/\/www.latilloleboienne.fr\/wordpress\/wp-content\/uploads\/2017\/05\/Pierre_2.jpg 1920w\" sizes=\"auto, (max-width: 584px) 100vw, 584px\" \/><\/a><\/p>\n<p>Nous remercions l\u2019amicale et tous les pinasseyres pour leurs messages de soutien suite \u00e0 la disparition de notre ami \u00e0 tous et comme il aurait dit \u00ab&nbsp;alors, on y va les gars&nbsp;!!&nbsp;\u00bb<\/p>\n","protected":false},"excerpt":{"rendered":"<p>\u00c0 Pierre qui nous a quitt\u00e9 en 2009 Il y a des gens pr\u00e9cieux et qui deviennent incontournables, Pierre \u00e9tait de ceux l\u00e0. Pierrot, Papy pour nous tous \u00e9tait devenu le personnage embl\u00e9matique du port des Tuiles et de Comprian, &hellip; <a href=\"https:\/\/www.latilloleboienne.fr\/wordpress\/notre-histoire\/hommage-a-pierre\/\">Continuer la lecture <span class=\"meta-nav\">&rarr;<\/span><\/a><\/p>\n","protected":false},"author":1,"featured_media":0,"parent":116,"menu_order":6,"comment_status":"closed","ping_status":"closed","template":"","meta":{"footnotes":""},"class_list":["post-123","page","type-page","status-publish","hentry"],"yoast_head":"<!-- This site is optimized with the Yoast SEO plugin v27.4 - https:\/\/yoast.com\/product\/yoast-seo-wordpress\/ -->\n<title>Hommage \u00e0 Pierre - La Tillole Bo\u00efenne<\/title>\n<meta name=\"description\" content=\"Hommage \u00e0 Pierre qui restera dans l\u2019histoire de La Bo\u00efenne. Il incarne l\u2019esprit des pinasseyres Bo\u00efens et l&#039;envie de gagner avec laquelle l\u2019aventure de La Bo\u00efenne\u00a0se poursuit.\" \/>\n<meta name=\"robots\" content=\"index, follow, max-snippet:-1, max-image-preview:large, max-video-preview:-1\" \/>\n<link rel=\"canonical\" href=\"https:\/\/www.latilloleboienne.fr\/wordpress\/notre-histoire\/hommage-a-pierre\/\" \/>\n<meta property=\"og:locale\" content=\"fr_FR\" \/>\n<meta property=\"og:type\" content=\"article\" \/>\n<meta property=\"og:title\" content=\"Hommage \u00e0 Pierre - La Tillole Bo\u00efenne\" \/>\n<meta property=\"og:description\" content=\"Hommage \u00e0 Pierre qui restera dans l\u2019histoire de La Bo\u00efenne. Il incarne l\u2019esprit des pinasseyres Bo\u00efens et l&#039;envie de gagner avec laquelle l\u2019aventure de La Bo\u00efenne\u00a0se poursuit.\" \/>\n<meta property=\"og:url\" content=\"https:\/\/www.latilloleboienne.fr\/wordpress\/notre-histoire\/hommage-a-pierre\/\" \/>\n<meta property=\"og:site_name\" content=\"La Tillole Bo\u00efenne\" \/>\n<meta property=\"article:modified_time\" content=\"2022-06-15T16:58:04+00:00\" \/>\n<meta property=\"og:image\" content=\"https:\/\/www.latilloleboienne.fr\/wordpress\/wp-content\/uploads\/2017\/05\/Pierre_1.jpg\" \/>\n<meta name=\"twitter:card\" content=\"summary_large_image\" \/>\n<meta name=\"twitter:label1\" content=\"Dur\u00e9e de lecture estim\u00e9e\" \/>\n\t<meta name=\"twitter:data1\" content=\"2 minutes\" \/>\n<script type=\"application\/ld+json\" class=\"yoast-schema-graph\">{\"@context\":\"https:\\\/\\\/schema.org\",\"@graph\":[{\"@type\":\"WebPage\",\"@id\":\"https:\\\/\\\/www.latilloleboienne.fr\\\/wordpress\\\/notre-histoire\\\/hommage-a-pierre\\\/\",\"url\":\"https:\\\/\\\/www.latilloleboienne.fr\\\/wordpress\\\/notre-histoire\\\/hommage-a-pierre\\\/\",\"name\":\"Hommage \u00e0 Pierre - La Tillole Bo\u00efenne\",\"isPartOf\":{\"@id\":\"https:\\\/\\\/www.latilloleboienne.fr\\\/wordpress\\\/#website\"},\"primaryImageOfPage\":{\"@id\":\"https:\\\/\\\/www.latilloleboienne.fr\\\/wordpress\\\/notre-histoire\\\/hommage-a-pierre\\\/#primaryimage\"},\"image\":{\"@id\":\"https:\\\/\\\/www.latilloleboienne.fr\\\/wordpress\\\/notre-histoire\\\/hommage-a-pierre\\\/#primaryimage\"},\"thumbnailUrl\":\"https:\\\/\\\/www.latilloleboienne.fr\\\/wordpress\\\/wp-content\\\/uploads\\\/2017\\\/05\\\/Pierre_1.jpg\",\"datePublished\":\"2017-05-19T05:44:22+00:00\",\"dateModified\":\"2022-06-15T16:58:04+00:00\",\"description\":\"Hommage \u00e0 Pierre qui restera dans l\u2019histoire de La Bo\u00efenne. Il incarne l\u2019esprit des pinasseyres Bo\u00efens et l'envie de gagner avec laquelle l\u2019aventure de La Bo\u00efenne\u00a0se poursuit.\",\"breadcrumb\":{\"@id\":\"https:\\\/\\\/www.latilloleboienne.fr\\\/wordpress\\\/notre-histoire\\\/hommage-a-pierre\\\/#breadcrumb\"},\"inLanguage\":\"fr-FR\",\"potentialAction\":[{\"@type\":\"ReadAction\",\"target\":[\"https:\\\/\\\/www.latilloleboienne.fr\\\/wordpress\\\/notre-histoire\\\/hommage-a-pierre\\\/\"]}]},{\"@type\":\"ImageObject\",\"inLanguage\":\"fr-FR\",\"@id\":\"https:\\\/\\\/www.latilloleboienne.fr\\\/wordpress\\\/notre-histoire\\\/hommage-a-pierre\\\/#primaryimage\",\"url\":\"https:\\\/\\\/www.latilloleboienne.fr\\\/wordpress\\\/wp-content\\\/uploads\\\/2017\\\/05\\\/Pierre_1.jpg\",\"contentUrl\":\"https:\\\/\\\/www.latilloleboienne.fr\\\/wordpress\\\/wp-content\\\/uploads\\\/2017\\\/05\\\/Pierre_1.jpg\",\"width\":796,\"height\":599},{\"@type\":\"BreadcrumbList\",\"@id\":\"https:\\\/\\\/www.latilloleboienne.fr\\\/wordpress\\\/notre-histoire\\\/hommage-a-pierre\\\/#breadcrumb\",\"itemListElement\":[{\"@type\":\"ListItem\",\"position\":1,\"name\":\"Accueil\",\"item\":\"https:\\\/\\\/www.latilloleboienne.fr\\\/wordpress\\\/\"},{\"@type\":\"ListItem\",\"position\":2,\"name\":\"Notre histoire\",\"item\":\"https:\\\/\\\/www.latilloleboienne.fr\\\/wordpress\\\/notre-histoire\\\/\"},{\"@type\":\"ListItem\",\"position\":3,\"name\":\"Hommage \u00e0 Pierre\"}]},{\"@type\":\"WebSite\",\"@id\":\"https:\\\/\\\/www.latilloleboienne.fr\\\/wordpress\\\/#website\",\"url\":\"https:\\\/\\\/www.latilloleboienne.fr\\\/wordpress\\\/\",\"name\":\"La Tillole Bo\u00efenne\",\"description\":\"La tradition nautique du Bassin d&#039;Arcachon\",\"publisher\":{\"@id\":\"https:\\\/\\\/www.latilloleboienne.fr\\\/wordpress\\\/#organization\"},\"potentialAction\":[{\"@type\":\"SearchAction\",\"target\":{\"@type\":\"EntryPoint\",\"urlTemplate\":\"https:\\\/\\\/www.latilloleboienne.fr\\\/wordpress\\\/?s={search_term_string}\"},\"query-input\":{\"@type\":\"PropertyValueSpecification\",\"valueRequired\":true,\"valueName\":\"search_term_string\"}}],\"inLanguage\":\"fr-FR\"},{\"@type\":\"Organization\",\"@id\":\"https:\\\/\\\/www.latilloleboienne.fr\\\/wordpress\\\/#organization\",\"name\":\"Association La Tillole Bo\u00efenne\",\"url\":\"https:\\\/\\\/www.latilloleboienne.fr\\\/wordpress\\\/\",\"logo\":{\"@type\":\"ImageObject\",\"inLanguage\":\"fr-FR\",\"@id\":\"https:\\\/\\\/www.latilloleboienne.fr\\\/wordpress\\\/#\\\/schema\\\/logo\\\/image\\\/\",\"url\":\"https:\\\/\\\/www.latilloleboienne.fr\\\/wordpress\\\/wp-content\\\/uploads\\\/2022\\\/05\\\/Logo-Rond-La-Tillole-Boienne.png\",\"contentUrl\":\"https:\\\/\\\/www.latilloleboienne.fr\\\/wordpress\\\/wp-content\\\/uploads\\\/2022\\\/05\\\/Logo-Rond-La-Tillole-Boienne.png\",\"width\":162,\"height\":160,\"caption\":\"Association La Tillole Bo\u00efenne\"},\"image\":{\"@id\":\"https:\\\/\\\/www.latilloleboienne.fr\\\/wordpress\\\/#\\\/schema\\\/logo\\\/image\\\/\"}}]}<\/script>\n<!-- \/ Yoast SEO plugin. -->","yoast_head_json":{"title":"Hommage \u00e0 Pierre - La Tillole Bo\u00efenne","description":"Hommage \u00e0 Pierre qui restera dans l\u2019histoire de La Bo\u00efenne. Il incarne l\u2019esprit des pinasseyres Bo\u00efens et l'envie de gagner avec laquelle l\u2019aventure de La Bo\u00efenne\u00a0se poursuit.","robots":{"index":"index","follow":"follow","max-snippet":"max-snippet:-1","max-image-preview":"max-image-preview:large","max-video-preview":"max-video-preview:-1"},"canonical":"https:\/\/www.latilloleboienne.fr\/wordpress\/notre-histoire\/hommage-a-pierre\/","og_locale":"fr_FR","og_type":"article","og_title":"Hommage \u00e0 Pierre - La Tillole Bo\u00efenne","og_description":"Hommage \u00e0 Pierre qui restera dans l\u2019histoire de La Bo\u00efenne. Il incarne l\u2019esprit des pinasseyres Bo\u00efens et l'envie de gagner avec laquelle l\u2019aventure de La Bo\u00efenne\u00a0se poursuit.","og_url":"https:\/\/www.latilloleboienne.fr\/wordpress\/notre-histoire\/hommage-a-pierre\/","og_site_name":"La Tillole Bo\u00efenne","article_modified_time":"2022-06-15T16:58:04+00:00","og_image":[{"url":"https:\/\/www.latilloleboienne.fr\/wordpress\/wp-content\/uploads\/2017\/05\/Pierre_1.jpg","type":"","width":"","height":""}],"twitter_card":"summary_large_image","twitter_misc":{"Dur\u00e9e de lecture estim\u00e9e":"2 minutes"},"schema":{"@context":"https:\/\/schema.org","@graph":[{"@type":"WebPage","@id":"https:\/\/www.latilloleboienne.fr\/wordpress\/notre-histoire\/hommage-a-pierre\/","url":"https:\/\/www.latilloleboienne.fr\/wordpress\/notre-histoire\/hommage-a-pierre\/","name":"Hommage \u00e0 Pierre - La Tillole Bo\u00efenne","isPartOf":{"@id":"https:\/\/www.latilloleboienne.fr\/wordpress\/#website"},"primaryImageOfPage":{"@id":"https:\/\/www.latilloleboienne.fr\/wordpress\/notre-histoire\/hommage-a-pierre\/#primaryimage"},"image":{"@id":"https:\/\/www.latilloleboienne.fr\/wordpress\/notre-histoire\/hommage-a-pierre\/#primaryimage"},"thumbnailUrl":"https:\/\/www.latilloleboienne.fr\/wordpress\/wp-content\/uploads\/2017\/05\/Pierre_1.jpg","datePublished":"2017-05-19T05:44:22+00:00","dateModified":"2022-06-15T16:58:04+00:00","description":"Hommage \u00e0 Pierre qui restera dans l\u2019histoire de La Bo\u00efenne. Il incarne l\u2019esprit des pinasseyres Bo\u00efens et l'envie de gagner avec laquelle l\u2019aventure de La Bo\u00efenne\u00a0se poursuit.","breadcrumb":{"@id":"https:\/\/www.latilloleboienne.fr\/wordpress\/notre-histoire\/hommage-a-pierre\/#breadcrumb"},"inLanguage":"fr-FR","potentialAction":[{"@type":"ReadAction","target":["https:\/\/www.latilloleboienne.fr\/wordpress\/notre-histoire\/hommage-a-pierre\/"]}]},{"@type":"ImageObject","inLanguage":"fr-FR","@id":"https:\/\/www.latilloleboienne.fr\/wordpress\/notre-histoire\/hommage-a-pierre\/#primaryimage","url":"https:\/\/www.latilloleboienne.fr\/wordpress\/wp-content\/uploads\/2017\/05\/Pierre_1.jpg","contentUrl":"https:\/\/www.latilloleboienne.fr\/wordpress\/wp-content\/uploads\/2017\/05\/Pierre_1.jpg","width":796,"height":599},{"@type":"BreadcrumbList","@id":"https:\/\/www.latilloleboienne.fr\/wordpress\/notre-histoire\/hommage-a-pierre\/#breadcrumb","itemListElement":[{"@type":"ListItem","position":1,"name":"Accueil","item":"https:\/\/www.latilloleboienne.fr\/wordpress\/"},{"@type":"ListItem","position":2,"name":"Notre histoire","item":"https:\/\/www.latilloleboienne.fr\/wordpress\/notre-histoire\/"},{"@type":"ListItem","position":3,"name":"Hommage \u00e0 Pierre"}]},{"@type":"WebSite","@id":"https:\/\/www.latilloleboienne.fr\/wordpress\/#website","url":"https:\/\/www.latilloleboienne.fr\/wordpress\/","name":"La Tillole Bo\u00efenne","description":"La tradition nautique du Bassin d&#039;Arcachon","publisher":{"@id":"https:\/\/www.latilloleboienne.fr\/wordpress\/#organization"},"potentialAction":[{"@type":"SearchAction","target":{"@type":"EntryPoint","urlTemplate":"https:\/\/www.latilloleboienne.fr\/wordpress\/?s={search_term_string}"},"query-input":{"@type":"PropertyValueSpecification","valueRequired":true,"valueName":"search_term_string"}}],"inLanguage":"fr-FR"},{"@type":"Organization","@id":"https:\/\/www.latilloleboienne.fr\/wordpress\/#organization","name":"Association La Tillole Bo\u00efenne","url":"https:\/\/www.latilloleboienne.fr\/wordpress\/","logo":{"@type":"ImageObject","inLanguage":"fr-FR","@id":"https:\/\/www.latilloleboienne.fr\/wordpress\/#\/schema\/logo\/image\/","url":"https:\/\/www.latilloleboienne.fr\/wordpress\/wp-content\/uploads\/2022\/05\/Logo-Rond-La-Tillole-Boienne.png","contentUrl":"https:\/\/www.latilloleboienne.fr\/wordpress\/wp-content\/uploads\/2022\/05\/Logo-Rond-La-Tillole-Boienne.png","width":162,"height":160,"caption":"Association La Tillole Bo\u00efenne"},"image":{"@id":"https:\/\/www.latilloleboienne.fr\/wordpress\/#\/schema\/logo\/image\/"}}]}},"_links":{"self":[{"href":"https:\/\/www.latilloleboienne.fr\/wordpress\/wp-json\/wp\/v2\/pages\/123","targetHints":{"allow":["GET"]}}],"collection":[{"href":"https:\/\/www.latilloleboienne.fr\/wordpress\/wp-json\/wp\/v2\/pages"}],"about":[{"href":"https:\/\/www.latilloleboienne.fr\/wordpress\/wp-json\/wp\/v2\/types\/page"}],"author":[{"embeddable":true,"href":"https:\/\/www.latilloleboienne.fr\/wordpress\/wp-json\/wp\/v2\/users\/1"}],"replies":[{"embeddable":true,"href":"https:\/\/www.latilloleboienne.fr\/wordpress\/wp-json\/wp\/v2\/comments?post=123"}],"version-history":[{"count":8,"href":"https:\/\/www.latilloleboienne.fr\/wordpress\/wp-json\/wp\/v2\/pages\/123\/revisions"}],"predecessor-version":[{"id":3210,"href":"https:\/\/www.latilloleboienne.fr\/wordpress\/wp-json\/wp\/v2\/pages\/123\/revisions\/3210"}],"up":[{"embeddable":true,"href":"https:\/\/www.latilloleboienne.fr\/wordpress\/wp-json\/wp\/v2\/pages\/116"}],"wp:attachment":[{"href":"https:\/\/www.latilloleboienne.fr\/wordpress\/wp-json\/wp\/v2\/media?parent=123"}],"curies":[{"name":"wp","href":"https:\/\/api.w.org\/{rel}","templated":true}]}}